{"id":1797,"date":"2022-12-02T14:09:03","date_gmt":"2022-12-02T20:09:03","guid":{"rendered":"https:\/\/uigtsj.tribunalqro.gob.mx\/?page_id=1797"},"modified":"2024-12-04T09:31:11","modified_gmt":"2024-12-04T15:31:11","slug":"historia","status":"publish","type":"page","link":"https:\/\/uigtsj.poderjudicialqro.gob.mx\/index.php\/historia\/","title":{"rendered":"Historia"},"content":{"rendered":"\t\t<div data-elementor-type=\"wp-page\" data-elementor-id=\"1797\" class=\"elementor elementor-1797\">\n\t\t\t\t\t\t<section class=\"elementor-section elementor-top-section elementor-element elementor-element-d7f426c elementor-section-boxed elementor-section-height-default elementor-section-height-default\" data-id=\"d7f426c\" data-element_type=\"section\" data-e-type=\"section\">\n\t\t\t\t\t\t<div class=\"elementor-container elementor-column-gap-default\">\n\t\t\t\t\t<div class=\"elementor-column elementor-col-100 elementor-top-column elementor-element elementor-element-1c944b9\" data-id=\"1c944b9\" data-element_type=\"column\" data-e-type=\"column\">\n\t\t\t<div class=\"elementor-widget-wrap elementor-element-populated\">\n\t\t\t\t\t\t<div class=\"elementor-element elementor-element-fdd7626 elementor-widget elementor-widget-text-editor\" data-id=\"fdd7626\" data-element_type=\"widget\" data-e-type=\"widget\" data-widget_type=\"text-editor.default\">\n\t\t\t\t<div class=\"elementor-widget-container\">\n\t\t\t\t\t\t\t\t\t<p><a href=\"https:\/\/uigtsj.tribunalqro.gob.mx\/\">Inicio<\/a> \u00bb <strong style=\"color: #336633;\">Historia<\/strong><\/p>\t\t\t\t\t\t\t\t<\/div>\n\t\t\t\t<\/div>\n\t\t\t\t\t<\/div>\n\t\t<\/div>\n\t\t\t\t\t<\/div>\n\t\t<\/section>\n\t\t\t\t<section class=\"elementor-section elementor-top-section elementor-element elementor-element-5ac7638 elementor-section-boxed elementor-section-height-default elementor-section-height-default\" data-id=\"5ac7638\" data-element_type=\"section\" data-e-type=\"section\">\n\t\t\t\t\t\t<div class=\"elementor-container elementor-column-gap-default\">\n\t\t\t\t\t<div class=\"elementor-column elementor-col-100 elementor-top-column elementor-element elementor-element-a5c11ba\" data-id=\"a5c11ba\" data-element_type=\"column\" data-e-type=\"column\">\n\t\t\t<div class=\"elementor-widget-wrap elementor-element-populated\">\n\t\t\t\t\t\t\t<\/div>\n\t\t<\/div>\n\t\t\t\t\t<\/div>\n\t\t<\/section>\n\t\t\t\t<section class=\"elementor-section elementor-top-section elementor-element elementor-element-a8c0426 elementor-section-boxed elementor-section-height-default elementor-section-height-default\" data-id=\"a8c0426\" data-element_type=\"section\" data-e-type=\"section\">\n\t\t\t\t\t\t<div class=\"elementor-container elementor-column-gap-wide\">\n\t\t\t\t\t<div class=\"elementor-column elementor-col-50 elementor-top-column elementor-element elementor-element-370d934\" data-id=\"370d934\" data-element_type=\"column\" data-e-type=\"column\">\n\t\t\t<div class=\"elementor-widget-wrap elementor-element-populated\">\n\t\t\t\t\t\t<div class=\"elementor-element elementor-element-d055fb8 elementor-widget elementor-widget-heading\" data-id=\"d055fb8\" data-element_type=\"widget\" data-e-type=\"widget\" data-widget_type=\"heading.default\">\n\t\t\t\t<div class=\"elementor-widget-container\">\n\t\t\t\t\t<h2 class=\"elementor-heading-title elementor-size-default\">Historia<\/h2>\t\t\t\t<\/div>\n\t\t\t\t<\/div>\n\t\t\t\t<div class=\"elementor-element elementor-element-673ad48 elementor-widget elementor-widget-text-editor\" data-id=\"673ad48\" data-element_type=\"widget\" data-e-type=\"widget\" data-widget_type=\"text-editor.default\">\n\t\t\t\t<div class=\"elementor-widget-container\">\n\t\t\t\t\t\t\t\t\t<p style=\"background: white; margin: 0cm 0cm 18.0pt 0cm;\"><span style=\"color: #1a1a1a;\"><span style=\"font-size: 13pt; font-family: Calibri, sans-serif;\">\u00a0<\/span><span style=\"font-family: Calibri, sans-serif; font-size: 13pt;\">La Unidad de Igualdad de G\u00e9nero del Poder Judicial del Estado de Quer\u00e9taro, fue autorizada por el Consejo de la Judicatura en sesi\u00f3n del 21 de abril de 2015, (con funciones al interior del Poder Judicial) con base en los compromisos plasmados en la II Asamblea Plenaria Ordinaria de la Comisi\u00f3n Nacional de Tribunales Superiores de Justicia de los Estados Unidos Mexicanos (CONATRIB).<\/span><\/span><\/p><p style=\"background: white; margin: 0cm 0cm 18.0pt 0cm;\">\u00a0<\/p>\t\t\t\t\t\t\t\t<\/div>\n\t\t\t\t<\/div>\n\t\t\t\t\t<\/div>\n\t\t<\/div>\n\t\t\t\t<div class=\"elementor-column elementor-col-50 elementor-top-column elementor-element elementor-element-168f331\" data-id=\"168f331\" data-element_type=\"column\" data-e-type=\"column\">\n\t\t\t<div class=\"elementor-widget-wrap elementor-element-populated\">\n\t\t\t\t\t\t<div class=\"elementor-element elementor-element-f7d1bfd elementor-widget elementor-widget-text-editor\" data-id=\"f7d1bfd\" data-element_type=\"widget\" data-e-type=\"widget\" data-widget_type=\"text-editor.default\">\n\t\t\t\t<div class=\"elementor-widget-container\">\n\t\t\t\t\t\t\t\t\t<p style=\"margin: 0cm 0cm 18pt; background-image: initial; background-position: initial; background-size: initial; background-repeat: initial; background-attachment: initial; background-origin: initial; background-clip: initial;\"><span style=\"font-size: 13.0pt; font-family: 'Calibri',sans-serif; color: #7a7a7a;\">\u00a0<\/span><\/p><p style=\"margin: 0cm 0cm 18pt; background-image: initial; background-position: initial; background-size: initial; background-repeat: initial; background-attachment: initial; background-origin: initial; background-clip: initial;\"><span style=\"font-size: 13pt; font-family: Calibri, sans-serif; color: #1a1a1a;\">El 01 de mayo de 2015, inicia en funciones y por disposici\u00f3n del Consejo de la Judicatura queda adscrita a la Direcci\u00f3n Jur\u00eddica y el 30 de septiembre de 2022 con motivo de la expedici\u00f3n de la Ley Org\u00e1nica del Poder Judicial del Estado de Quer\u00e9taro \u00abLa Sombra de Arteaga\u00bb la actual Unidad de G\u00e9nero pasa a ser Unidad de Derechos Humanos e Igualdad de G\u00e9nero cuyas atribuciones se contemplan en el art\u00edculo 183 de la Ley Org\u00e1nica referida.<\/span><\/p>\t\t\t\t\t\t\t\t<\/div>\n\t\t\t\t<\/div>\n\t\t\t\t\t<\/div>\n\t\t<\/div>\n\t\t\t\t\t<\/div>\n\t\t<\/section>\n\t\t\t\t<section class=\"elementor-section elementor-top-section elementor-element elementor-element-f675020 elementor-section-boxed elementor-section-height-default elementor-section-height-default\" data-id=\"f675020\" data-element_type=\"section\" data-e-type=\"section\">\n\t\t\t\t\t\t<div class=\"elementor-container elementor-column-gap-default\">\n\t\t\t\t\t<div class=\"elementor-column elementor-col-100 elementor-top-column elementor-element elementor-element-7a8948f\" data-id=\"7a8948f\" data-element_type=\"column\" data-e-type=\"column\">\n\t\t\t<div class=\"elementor-widget-wrap\">\n\t\t\t\t\t\t\t<\/div>\n\t\t<\/div>\n\t\t\t\t\t<\/div>\n\t\t<\/section>\n\t\t\t\t<section class=\"elementor-section elementor-top-section elementor-element elementor-element-b4e3bb2 elementor-section-boxed elementor-section-height-default elementor-section-height-default\" data-id=\"b4e3bb2\" data-element_type=\"section\" data-e-type=\"section\">\n\t\t\t\t\t\t<div class=\"elementor-container elementor-column-gap-default\">\n\t\t\t\t\t<div class=\"elementor-column elementor-col-100 elementor-top-column elementor-element elementor-element-3cb1c43\" data-id=\"3cb1c43\" data-element_type=\"column\" data-e-type=\"column\">\n\t\t\t<div class=\"elementor-widget-wrap elementor-element-populated\">\n\t\t\t\t\t\t<div class=\"elementor-element elementor-element-6d2dc86 elementor-widget elementor-widget-html\" data-id=\"6d2dc86\" data-element_type=\"widget\" data-e-type=\"widget\" data-widget_type=\"html.default\">\n\t\t\t\t<div class=\"elementor-widget-container\">\n\t\t\t\t\t<style>\n   .elementor-col-50 strong {\n    color: #336633 !important;\n}\n\n.elementor-col-50 a:hover {\n    \n    color: #00482D !important;\n    text-decoration: underline !important;\n}\n\n.elementor-col-50 a {\n    \n    color: #000000 !important;\n   \n}\n.elementor-col-50 em {\n    \n       color: #919191;\n   \n}\nbody, p, a, span, h1, h2, h3, h4, h5, ul, li {\n    font-family: \"Calibri\" !important;\n}\n\n\n<\/style>\t\t\t\t<\/div>\n\t\t\t\t<\/div>\n\t\t\t\t\t<\/div>\n\t\t<\/div>\n\t\t\t\t\t<\/div>\n\t\t<\/section>\n\t\t\t\t<\/div>\n\t\t","protected":false},"excerpt":{"rendered":"<p>Inicio \u00bb Historia Historia \u00a0La Unidad de Igualdad de G\u00e9nero del Poder Judicial del Estado de Quer\u00e9taro, fue autorizada por el Consejo de la Judicatura en sesi\u00f3n del 21 de abril de 2015, (con funciones al interior del Poder Judicial) con base en los compromisos plasmados en la II Asamblea Plenaria Ordinaria de la Comisi\u00f3n &#8230; <a title=\"Historia\" class=\"read-more\" href=\"https:\/\/uigtsj.poderjudicialqro.gob.mx\/index.php\/historia\/\" aria-label=\"Leer m\u00e1s sobre Historia\">Leer m\u00e1s<\/a><\/p>\n","protected":false},"author":1,"featured_media":0,"parent":0,"menu_order":0,"comment_status":"closed","ping_status":"closed","template":"elementor_header_footer","meta":{"footnotes":""},"class_list":["post-1797","page","type-page","status-publish"],"_links":{"self":[{"href":"https:\/\/uigtsj.poderjudicialqro.gob.mx\/index.php\/wp-json\/wp\/v2\/pages\/1797","targetHints":{"allow":["GET"]}}],"collection":[{"href":"https:\/\/uigtsj.poderjudicialqro.gob.mx\/index.php\/wp-json\/wp\/v2\/pages"}],"about":[{"href":"https:\/\/uigtsj.poderjudicialqro.gob.mx\/index.php\/wp-json\/wp\/v2\/types\/page"}],"author":[{"embeddable":true,"href":"https:\/\/uigtsj.poderjudicialqro.gob.mx\/index.php\/wp-json\/wp\/v2\/users\/1"}],"replies":[{"embeddable":true,"href":"https:\/\/uigtsj.poderjudicialqro.gob.mx\/index.php\/wp-json\/wp\/v2\/comments?post=1797"}],"version-history":[{"count":19,"href":"https:\/\/uigtsj.poderjudicialqro.gob.mx\/index.php\/wp-json\/wp\/v2\/pages\/1797\/revisions"}],"predecessor-version":[{"id":5998,"href":"https:\/\/uigtsj.poderjudicialqro.gob.mx\/index.php\/wp-json\/wp\/v2\/pages\/1797\/revisions\/5998"}],"wp:attachment":[{"href":"https:\/\/uigtsj.poderjudicialqro.gob.mx\/index.php\/wp-json\/wp\/v2\/media?parent=1797"}],"curies":[{"name":"wp","href":"https:\/\/api.w.org\/{rel}","templated":true}]}}

<div data-elementor-type="wp-page" data-elementor-id="1797" class="elementor elementor-1797">
						<section class="elementor-section elementor-top-section elementor-element elementor-element-d7f426c elementor-section-boxed elementor-section-height-default elementor-section-height-default" data-id="d7f426c" data-element_type="section" data-e-type="section">
						<div class="elementor-container elementor-column-gap-default">
					<div class="elementor-column elementor-col-100 elementor-top-column elementor-element elementor-element-1c944b9" data-id="1c944b9" data-element_type="column" data-e-type="column">
			<div class="elementor-widget-wrap elementor-element-populated">
						<div class="elementor-element elementor-element-fdd7626 elementor-widget elementor-widget-text-editor" data-id="fdd7626" data-element_type="widget" data-e-type="widget" data-widget_type="text-editor.default">
				<div class="elementor-widget-container">
									<p><a href="https://uigtsj.tribunalqro.gob.mx/">Inicio</a> » <strong style="color: #336633;">Historia</strong></p>								</div>
				</div>
					</div>
		</div>
					</div>
		</section>
				<section class="elementor-section elementor-top-section elementor-element elementor-element-5ac7638 elementor-section-boxed elementor-section-height-default elementor-section-height-default" data-id="5ac7638" data-element_type="section" data-e-type="section">
						<div class="elementor-container elementor-column-gap-default">
					<div class="elementor-column elementor-col-100 elementor-top-column elementor-element elementor-element-a5c11ba" data-id="a5c11ba" data-element_type="column" data-e-type="column">
			<div class="elementor-widget-wrap elementor-element-populated">
							</div>
		</div>
					</div>
		</section>
				<section class="elementor-section elementor-top-section elementor-element elementor-element-a8c0426 elementor-section-boxed elementor-section-height-default elementor-section-height-default" data-id="a8c0426" data-element_type="section" data-e-type="section">
						<div class="elementor-container elementor-column-gap-wide">
					<div class="elementor-column elementor-col-50 elementor-top-column elementor-element elementor-element-370d934" data-id="370d934" data-element_type="column" data-e-type="column">
			<div class="elementor-widget-wrap elementor-element-populated">
						<div class="elementor-element elementor-element-d055fb8 elementor-widget elementor-widget-heading" data-id="d055fb8" data-element_type="widget" data-e-type="widget" data-widget_type="heading.default">
				<div class="elementor-widget-container">
					<h2 class="elementor-heading-title elementor-size-default">Historia</h2>				</div>
				</div>
				<div class="elementor-element elementor-element-673ad48 elementor-widget elementor-widget-text-editor" data-id="673ad48" data-element_type="widget" data-e-type="widget" data-widget_type="text-editor.default">
				<div class="elementor-widget-container">
									<p style="background: white; margin: 0cm 0cm 18.0pt 0cm;"><span style="color: #1a1a1a;"><span style="font-size: 13pt; font-family: Calibri, sans-serif;"> </span><span style="font-family: Calibri, sans-serif; font-size: 13pt;">La Unidad de Igualdad de Género del Poder Judicial del Estado de Querétaro, fue autorizada por el Consejo de la Judicatura en sesión del 21 de abril de 2015, (con funciones al interior del Poder Judicial) con base en los compromisos plasmados en la II Asamblea Plenaria Ordinaria de la Comisión Nacional de Tribunales Superiores de Justicia de los Estados Unidos Mexicanos (CONATRIB).</span></span></p><p style="background: white; margin: 0cm 0cm 18.0pt 0cm;"> </p>								</div>
				</div>
					</div>
		</div>
				<div class="elementor-column elementor-col-50 elementor-top-column elementor-element elementor-element-168f331" data-id="168f331" data-element_type="column" data-e-type="column">
			<div class="elementor-widget-wrap elementor-element-populated">
						<div class="elementor-element elementor-element-f7d1bfd elementor-widget elementor-widget-text-editor" data-id="f7d1bfd" data-element_type="widget" data-e-type="widget" data-widget_type="text-editor.default">
				<div class="elementor-widget-container">
									<p style="margin: 0cm 0cm 18pt; background-image: initial; background-position: initial; background-size: initial; background-repeat: initial; background-attachment: initial; background-origin: initial; background-clip: initial;"><span style="font-size: 13.0pt; font-family: 'Calibri',sans-serif; color: #7a7a7a;"> </span></p><p style="margin: 0cm 0cm 18pt; background-image: initial; background-position: initial; background-size: initial; background-repeat: initial; background-attachment: initial; background-origin: initial; background-clip: initial;"><span style="font-size: 13pt; font-family: Calibri, sans-serif; color: #1a1a1a;">El 01 de mayo de 2015, inicia en funciones y por disposición del Consejo de la Judicatura queda adscrita a la Dirección Jurídica y el 30 de septiembre de 2022 con motivo de la expedición de la Ley Orgánica del Poder Judicial del Estado de Querétaro «La Sombra de Arteaga» la actual Unidad de Género pasa a ser Unidad de Derechos Humanos e Igualdad de Género cuyas atribuciones se contemplan en el artículo 183 de la Ley Orgánica referida.</span></p>								</div>
				</div>
					</div>
		</div>
					</div>
		</section>
				<section class="elementor-section elementor-top-section elementor-element elementor-element-f675020 elementor-section-boxed elementor-section-height-default elementor-section-height-default" data-id="f675020" data-element_type="section" data-e-type="section">
						<div class="elementor-container elementor-column-gap-default">
					<div class="elementor-column elementor-col-100 elementor-top-column elementor-element elementor-element-7a8948f" data-id="7a8948f" data-element_type="column" data-e-type="column">
			<div class="elementor-widget-wrap">
							</div>
		</div>
					</div>
		</section>
				<section class="elementor-section elementor-top-section elementor-element elementor-element-b4e3bb2 elementor-section-boxed elementor-section-height-default elementor-section-height-default" data-id="b4e3bb2" data-element_type="section" data-e-type="section">
						<div class="elementor-container elementor-column-gap-default">
					<div class="elementor-column elementor-col-100 elementor-top-column elementor-element elementor-element-3cb1c43" data-id="3cb1c43" data-element_type="column" data-e-type="column">
			<div class="elementor-widget-wrap elementor-element-populated">
						<div class="elementor-element elementor-element-6d2dc86 elementor-widget elementor-widget-html" data-id="6d2dc86" data-element_type="widget" data-e-type="widget" data-widget_type="html.default">
				<div class="elementor-widget-container">
					<style>
   .elementor-col-50 strong {
    color: #336633 !important;
}

.elementor-col-50 a:hover {
    
    color: #00482D !important;
    text-decoration: underline !important;
}

.elementor-col-50 a {
    
    color: #000000 !important;
   
}
.elementor-col-50 em {
    
       color: #919191;
   
}
body, p, a, span, h1, h2, h3, h4, h5, ul, li {
    font-family: "Calibri" !important;
}


</style>				</div>
				</div>
					</div>
		</div>
					</div>
		</section>
				</div>

<p>Inicio » Historia Historia  La Unidad de Igualdad de Género del Poder Judicial del Estado de Querétaro, fue autorizada por el Consejo de la Judicatura en sesión del 21 de abril de 2015, (con funciones al interior del Poder Judicial) con base en los compromisos plasmados en la II Asamblea Plenaria Ordinaria de la Comisión &#8230; <a title="Historia" class="read-more" href="https://uigtsj.poderjudicialqro.gob.mx/index.php/historia/" aria-label="Leer más sobre Historia">Leer más</a></p>
