{"id":40,"date":"2020-02-11T21:07:37","date_gmt":"2020-02-11T21:07:37","guid":{"rendered":"http:\/\/10.40.3.74\/uig\/wordpress\/?page_id=40"},"modified":"2022-08-25T07:19:44","modified_gmt":"2022-08-25T13:19:44","slug":"inicio","status":"publish","type":"page","link":"https:\/\/uigtsj.poderjudicialqro.gob.mx\/index.php\/inicio\/","title":{"rendered":"Inicio"},"content":{"rendered":"\n\n\n\n\n<p><\/p>\n\n\n\n<p><strong>\u00bfQUI\u00c9NES SOMOS?&nbsp;<\/strong><\/p>\n\n\n\n<p>La Unidad de Igualdad de G\u00e9nero del Poder Judicial del Estado de Quer\u00e9taro, fue autorizada por el Consejo de la Judicatura en sesi\u00f3n del 21 de abril de 2015, (con funciones al interior del Poder Judicial) con base en los compromisos plasmados en la II Asamblea Plenaria Ordinaria de la Comisi\u00f3n Nacional de Tribunales Superiores de Justicia de los Estados Unidos Mexicanos (CONATRIB).<\/p>\n\n\n\n<p><strong>Las atribuciones m\u00e1s trascendentes<\/strong>&nbsp;<strong>son:<\/strong><\/p>\n\n\n\n<p>1.- Impulsar la incorporaci\u00f3n de la Perspectiva de G\u00e9nero en la planeaci\u00f3n presupuestal, acorde a los principios de igualdad y no discriminaci\u00f3n.<\/p>\n\n\n\n<p><\/p>\n\n\n\n<p>2.- Establecer y concretar acuerdos con otras unidades y redes de g\u00e9nero, para la creaci\u00f3n y ejecuci\u00f3n de pol\u00edtica, acciones y programas de su competencia.<\/p>\n\n\n\n<p><strong>Objetivo general<\/strong><\/p>\n\n\n\n<p>Introducir la perspectiva de g\u00e9nero en los proyectos de planeaci\u00f3n, reforma y modernizaci\u00f3n judicial y administrativa del Poder Judicial.<\/p>\n\n\n\n<p><strong>Objetivo espec\u00edfico<\/strong><\/p>\n\n\n\n<p>Realizar acciones para la incorporaci\u00f3n de la Perspectiva de G\u00e9nero; contribuir en la sensibilizaci\u00f3n, difusi\u00f3n y capacitaci\u00f3n de los instrumentos internacionales en materia de Derechos Humanos; igualmente colaborar en la sensibilizaci\u00f3n capacitaci\u00f3n y asesor\u00eda del funcionariado del Poder Judicial en los casos de hostigamiento y acoso laboral y sexual, entre otros. Todo en el marco del cumplimiento al Convenio de Adhesi\u00f3n al \u201cPacto para introducir la Perspectiva de G\u00e9nero en los \u00d3rganos de Impartici\u00f3n de Justicia en M\u00e9xico\u201d. (Suscrito el 22 de septiembre de 2015).<\/p>\n\n\n\n<p><strong>Misi\u00f3n<\/strong><\/p>\n\n\n\n<p>Unidad administrativa que difunde y orienta las acciones para incorporar la Perspectiva de G\u00e9nero en el Poder Judicial, con el objeto de reconocer y proteger en el mismo plano de igualdad los derechos de funcionarias y funcionarios.<\/p>\n\n\n\n<p><strong>Visi\u00f3n<\/strong><\/p>\n\n\n\n<p>Institucionalizar una cultura de responsabilidad y compromiso a la igualdad de G\u00e9nero entre el funcionariado del Poder Judicial, mediante la sensibilizaci\u00f3n, programas de trabajo y difusi\u00f3n de procesos que genere un impacto en su \u00e1mbito laboral&nbsp;&nbsp; y personal.<\/p>\n\n\n\n<p>(Autorizada por el Consejo de la Judicatura el 17 de febrero de 2016).<\/p>\n","protected":false},"excerpt":{"rendered":"<p>\u00bfQUI\u00c9NES SOMOS?&nbsp; La Unidad de Igualdad de G\u00e9nero del Poder Judicial del Estado de Quer\u00e9taro, fue autorizada por el Consejo de la Judicatura en sesi\u00f3n del 21 de abril de 2015, (con funciones al interior del Poder Judicial) con base en los compromisos plasmados en la II Asamblea Plenaria Ordinaria de la Comisi\u00f3n Nacional de &#8230; <a title=\"Inicio\" class=\"read-more\" href=\"https:\/\/uigtsj.poderjudicialqro.gob.mx\/index.php\/inicio\/\" aria-label=\"Leer m\u00e1s sobre Inicio\">Leer m\u00e1s<\/a><\/p>\n","protected":false},"author":1,"featured_media":0,"parent":0,"menu_order":0,"comment_status":"closed","ping_status":"closed","template":"","meta":{"footnotes":""},"class_list":["post-40","page","type-page","status-publish"],"_links":{"self":[{"href":"https:\/\/uigtsj.poderjudicialqro.gob.mx\/index.php\/wp-json\/wp\/v2\/pages\/40","targetHints":{"allow":["GET"]}}],"collection":[{"href":"https:\/\/uigtsj.poderjudicialqro.gob.mx\/index.php\/wp-json\/wp\/v2\/pages"}],"about":[{"href":"https:\/\/uigtsj.poderjudicialqro.gob.mx\/index.php\/wp-json\/wp\/v2\/types\/page"}],"author":[{"embeddable":true,"href":"https:\/\/uigtsj.poderjudicialqro.gob.mx\/index.php\/wp-json\/wp\/v2\/users\/1"}],"replies":[{"embeddable":true,"href":"https:\/\/uigtsj.poderjudicialqro.gob.mx\/index.php\/wp-json\/wp\/v2\/comments?post=40"}],"version-history":[{"count":7,"href":"https:\/\/uigtsj.poderjudicialqro.gob.mx\/index.php\/wp-json\/wp\/v2\/pages\/40\/revisions"}],"predecessor-version":[{"id":933,"href":"https:\/\/uigtsj.poderjudicialqro.gob.mx\/index.php\/wp-json\/wp\/v2\/pages\/40\/revisions\/933"}],"wp:attachment":[{"href":"https:\/\/uigtsj.poderjudicialqro.gob.mx\/index.php\/wp-json\/wp\/v2\/media?parent=40"}],"curies":[{"name":"wp","href":"https:\/\/api.w.org\/{rel}","templated":true}]}}

<p></p>



<p><strong>¿QUIÉNES SOMOS?&nbsp;</strong></p>



<p>La Unidad de Igualdad de Género del Poder Judicial del Estado de Querétaro, fue autorizada por el Consejo de la Judicatura en sesión del 21 de abril de 2015, (con funciones al interior del Poder Judicial) con base en los compromisos plasmados en la II Asamblea Plenaria Ordinaria de la Comisión Nacional de Tribunales Superiores de Justicia de los Estados Unidos Mexicanos (CONATRIB).</p>



<p><strong>Las atribuciones más trascendentes</strong>&nbsp;<strong>son:</strong></p>



<p>1.- Impulsar la incorporación de la Perspectiva de Género en la planeación presupuestal, acorde a los principios de igualdad y no discriminación.</p>



<p></p>



<p>2.- Establecer y concretar acuerdos con otras unidades y redes de género, para la creación y ejecución de política, acciones y programas de su competencia.</p>



<p><strong>Objetivo general</strong></p>



<p>Introducir la perspectiva de género en los proyectos de planeación, reforma y modernización judicial y administrativa del Poder Judicial.</p>



<p><strong>Objetivo específico</strong></p>



<p>Realizar acciones para la incorporación de la Perspectiva de Género; contribuir en la sensibilización, difusión y capacitación de los instrumentos internacionales en materia de Derechos Humanos; igualmente colaborar en la sensibilización capacitación y asesoría del funcionariado del Poder Judicial en los casos de hostigamiento y acoso laboral y sexual, entre otros. Todo en el marco del cumplimiento al Convenio de Adhesión al “Pacto para introducir la Perspectiva de Género en los Órganos de Impartición de Justicia en México”. (Suscrito el 22 de septiembre de 2015).</p>



<p><strong>Misión</strong></p>



<p>Unidad administrativa que difunde y orienta las acciones para incorporar la Perspectiva de Género en el Poder Judicial, con el objeto de reconocer y proteger en el mismo plano de igualdad los derechos de funcionarias y funcionarios.</p>



<p><strong>Visión</strong></p>



<p>Institucionalizar una cultura de responsabilidad y compromiso a la igualdad de Género entre el funcionariado del Poder Judicial, mediante la sensibilización, programas de trabajo y difusión de procesos que genere un impacto en su ámbito laboral&nbsp;&nbsp; y personal.</p>



<p>(Autorizada por el Consejo de la Judicatura el 17 de febrero de 2016).</p>

<p>¿QUIÉNES SOMOS?&nbsp; La Unidad de Igualdad de Género del Poder Judicial del Estado de Querétaro, fue autorizada por el Consejo de la Judicatura en sesión del 21 de abril de 2015, (con funciones al interior del Poder Judicial) con base en los compromisos plasmados en la II Asamblea Plenaria Ordinaria de la Comisión Nacional de &#8230; <a title="Inicio" class="read-more" href="https://uigtsj.poderjudicialqro.gob.mx/index.php/inicio/" aria-label="Leer más sobre Inicio">Leer más</a></p>
