{"id":5193,"date":"2024-06-24T10:20:39","date_gmt":"2024-06-24T16:20:39","guid":{"rendered":"https:\/\/uigtsj.poderjudicialqro.gob.mx\/?page_id=5193"},"modified":"2024-12-02T12:59:01","modified_gmt":"2024-12-02T18:59:01","slug":"actividades-2019","status":"publish","type":"page","link":"https:\/\/uigtsj.poderjudicialqro.gob.mx\/index.php\/actividades-2019\/","title":{"rendered":"Actividades 2019"},"content":{"rendered":"\t\t<div data-elementor-type=\"wp-page\" data-elementor-id=\"5193\" class=\"elementor elementor-5193\">\n\t\t\t\t\t\t<section class=\"elementor-section elementor-top-section elementor-element elementor-element-935ee5f elementor-section-boxed elementor-section-height-default elementor-section-height-default\" data-id=\"935ee5f\" data-element_type=\"section\" data-e-type=\"section\">\n\t\t\t\t\t\t<div class=\"elementor-container elementor-column-gap-default\">\n\t\t\t\t\t<div class=\"elementor-column elementor-col-100 elementor-top-column elementor-element elementor-element-398b071\" data-id=\"398b071\" data-element_type=\"column\" data-e-type=\"column\">\n\t\t\t<div class=\"elementor-widget-wrap elementor-element-populated\">\n\t\t\t\t\t\t<div class=\"elementor-element elementor-element-6f34c83 elementor-widget__width-initial elementor-widget elementor-widget-text-editor\" data-id=\"6f34c83\" data-element_type=\"widget\" data-e-type=\"widget\" data-widget_type=\"text-editor.default\">\n\t\t\t\t<div class=\"elementor-widget-container\">\n\t\t\t\t\t\t\t\t\t<h3><span style=\"color: #272282;\"><a style=\"color: #272282;\" href=\"https:\/\/uigtsj.poderjudicialqro.gob.mx\/index.php\/2019\/02\/06\/curso-intervencion-estrategica-en-materia-de-peritajes\/\" target=\"_blank\" rel=\"noopener\">\u00a0 \u00a0 \u00a0Curso Intervenci\u00f3n estrat\u00e9gica en materia de peritajes<\/a><\/span><\/h3><h3><span style=\"color: #272282;\"><a style=\"color: #272282;\" href=\"https:\/\/uigtsj.poderjudicialqro.gob.mx\/index.php\/2019\/05\/13\/platica-informativa-de-colaboracion-y-coordinacion-interinstitucional\/\" target=\"_blank\" rel=\"noopener\">\u00a0 \u00a0 \u00a0Pl\u00e1tica Informativa de Colaboraci\u00f3n y Coordinaci\u00f3n Interinstitucional<\/a><\/span><\/h3><h3><span style=\"color: #272282;\"><a style=\"color: #272282;\" href=\"https:\/\/uigtsj.poderjudicialqro.gob.mx\/index.php\/2019\/06\/24\/reunion-nacional-de-enlaces-con-banavim\/\" target=\"_blank\" rel=\"noopener\">\u00a0 \u00a0 \u00a0Reuni\u00f3n Nacional de Enlaces con BANAVIM<\/a><\/span><\/h3><h3><span style=\"color: #272282;\"><a style=\"color: #272282;\" href=\"https:\/\/uigtsj.poderjudicialqro.gob.mx\/index.php\/2019\/08\/30\/capacitacion-sobre-presupuestos-publicos-con-perspectiva-de-genero\/\" target=\"_blank\" rel=\"noopener\">\u00a0 \u00a0 \u00a0Capacitaci\u00f3n sobre Presupuestos P\u00fablicos con Perspectiva de G\u00e9nero<\/a><\/span><\/h3><h3><span style=\"color: #272282;\"><a style=\"color: #272282;\" href=\"https:\/\/uigtsj.poderjudicialqro.gob.mx\/index.php\/2019\/09\/09\/capacitacion-uso-de-la-plataforma-del-banco-nacional-de-datos-e-informacion-sobre-casos-de-violencia-contra-mujeres-banavim\/\" target=\"_blank\" rel=\"noopener\">\u00a0 \u00a0 \u00a0Capacitaci\u00f3n para el uso de la plataforma del Banco Nacional de Datos e Informaci\u00f3n sobre casos de Violencia contra Mujeres (BANAVIM)<\/a><\/span><\/h3><h3><span style=\"color: #272282;\"><a style=\"color: #272282;\" href=\"https:\/\/uigtsj.poderjudicialqro.gob.mx\/index.php\/2019\/09\/10\/platica-del-instituto-municipal-de-la-mujer-del-municipio-de-queretaro\/\" target=\"_blank\" rel=\"noopener\">\u00a0 \u00a0 \u00a0Pl\u00e1tica del Instituto Municipal de la Mujer del Municipio de Quer\u00e9taro<\/a><\/span><\/h3><h3><span style=\"color: #272282;\"><a style=\"color: #272282;\" href=\"https:\/\/uigtsj.poderjudicialqro.gob.mx\/index.php\/2019\/10\/09\/platica-al-personal-adscrito-a-la-oficina-de-la-regidora-sindica-del-mpio-de-queretaro\/\" target=\"_blank\" rel=\"noopener\">\u00a0 \u00a0 \u00a0Pl\u00e1tica al personal adscrito a la Oficina de la Regidora Sindica del Municipio de Quer\u00e9taro<\/a><\/span><\/h3><h3><span style=\"color: #272282;\"><a style=\"color: #272282;\" href=\"https:\/\/uigtsj.poderjudicialqro.gob.mx\/index.php\/2019\/10\/17\/2da-capacitacion-de-la-plataforma-banavim\/\" target=\"_blank\" rel=\"noopener\">\u00a0 \u00a0 \u00a02da. Capacitaci\u00f3n de la Plataforma BANAVIM<\/a><\/span><\/h3><h3><span style=\"color: #272282;\"><a style=\"color: #272282;\" href=\"https:\/\/uigtsj.poderjudicialqro.gob.mx\/index.php\/2019\/11\/06\/taller-del-trato-digno-todas-y-todos-somos-responsables\/\" target=\"_blank\" rel=\"noopener\">\u00a0 \u00a0 \u00a0Taller \u00abDel Trato digno todas y todos somos responsables\u00bb<\/a><\/span><\/h3><h3><span style=\"color: #272282;\"><a style=\"color: #272282;\" href=\"https:\/\/uigtsj.poderjudicialqro.gob.mx\/index.php\/2019\/11\/13\/taller-derechos-humanos-de-las-personas-mayores\/\" target=\"_blank\" rel=\"noopener\">\u00a0 \u00a0 \u00a0Taller \u00abDerechos Humanos de las Personas Mayores\u00bb<\/a><\/span><\/h3><h3><span style=\"color: #272282;\"><a style=\"color: #272282;\" href=\"https:\/\/uigtsj.poderjudicialqro.gob.mx\/index.php\/2019\/11\/14\/3ra-capacitacion-de-la-plataforma-banavim\/\" target=\"_blank\" rel=\"noopener\">\u00a0 \u00a0 \u00a03ra. Capacitaci\u00f3n de la Plataforma BANAVIM<\/a><\/span><\/h3><h3><span style=\"color: #272282;\"><a style=\"color: #272282;\" href=\"https:\/\/uigtsj.poderjudicialqro.gob.mx\/index.php\/2019\/12\/04\/4ta-capacitacion-de-la-plataforma-banavim\/\" target=\"_blank\" rel=\"noopener\">\u00a0 \u00a0 \u00a04ta. Capacitaci\u00f3n de la Plataforma BANAVIM<\/a><\/span><\/h3>\t\t\t\t\t\t\t\t<\/div>\n\t\t\t\t<\/div>\n\t\t\t\t\t<\/div>\n\t\t<\/div>\n\t\t\t\t\t<\/div>\n\t\t<\/section>\n\t\t\t\t<\/div>\n\t\t","protected":false},"excerpt":{"rendered":"<p>\u00a0 \u00a0 \u00a0Curso Intervenci\u00f3n estrat\u00e9gica en materia de peritajes \u00a0 \u00a0 \u00a0Pl\u00e1tica Informativa de Colaboraci\u00f3n y Coordinaci\u00f3n Interinstitucional \u00a0 \u00a0 \u00a0Reuni\u00f3n Nacional de Enlaces con BANAVIM \u00a0 \u00a0 \u00a0Capacitaci\u00f3n sobre Presupuestos P\u00fablicos con Perspectiva de G\u00e9nero \u00a0 \u00a0 \u00a0Capacitaci\u00f3n para el uso de la plataforma del Banco Nacional de Datos e Informaci\u00f3n sobre casos de &#8230; <a title=\"Actividades 2019\" class=\"read-more\" href=\"https:\/\/uigtsj.poderjudicialqro.gob.mx\/index.php\/actividades-2019\/\" aria-label=\"Leer m\u00e1s sobre Actividades 2019\">Leer m\u00e1s<\/a><\/p>\n","protected":false},"author":1,"featured_media":0,"parent":0,"menu_order":0,"comment_status":"closed","ping_status":"closed","template":"","meta":{"footnotes":""},"class_list":["post-5193","page","type-page","status-publish"],"_links":{"self":[{"href":"https:\/\/uigtsj.poderjudicialqro.gob.mx\/index.php\/wp-json\/wp\/v2\/pages\/5193","targetHints":{"allow":["GET"]}}],"collection":[{"href":"https:\/\/uigtsj.poderjudicialqro.gob.mx\/index.php\/wp-json\/wp\/v2\/pages"}],"about":[{"href":"https:\/\/uigtsj.poderjudicialqro.gob.mx\/index.php\/wp-json\/wp\/v2\/types\/page"}],"author":[{"embeddable":true,"href":"https:\/\/uigtsj.poderjudicialqro.gob.mx\/index.php\/wp-json\/wp\/v2\/users\/1"}],"replies":[{"embeddable":true,"href":"https:\/\/uigtsj.poderjudicialqro.gob.mx\/index.php\/wp-json\/wp\/v2\/comments?post=5193"}],"version-history":[{"count":28,"href":"https:\/\/uigtsj.poderjudicialqro.gob.mx\/index.php\/wp-json\/wp\/v2\/pages\/5193\/revisions"}],"predecessor-version":[{"id":5812,"href":"https:\/\/uigtsj.poderjudicialqro.gob.mx\/index.php\/wp-json\/wp\/v2\/pages\/5193\/revisions\/5812"}],"wp:attachment":[{"href":"https:\/\/uigtsj.poderjudicialqro.gob.mx\/index.php\/wp-json\/wp\/v2\/media?parent=5193"}],"curies":[{"name":"wp","href":"https:\/\/api.w.org\/{rel}","templated":true}]}}